et z be r(5). Let l(u) be the second derivative of 47*u**5/20 - u**4/6 + u**3/3 - 450*u. List the prime factors of l(z).
47
Suppose -8*d + 10*d + 9248 = 3*x, -4*x = -3*d - 12331. What are the prime factors of x?
2, 23, 67
Suppose 11*g = 14*g - 51. Suppose -g*d + 1205 = -4507. List the prime factors of d.
2, 3, 7
Suppose 0 = 10*s - 108 + 88. Suppose 2197 = s*f - l + 84, -5*l = 25. What are the prime factors of f?
2, 17, 31
Suppose -68 = 4*p - 4. Let k(a) = -a - 18. Let v be k(p). What are the prime factors of ((-294)/(-28))/(-1*v/16)?
2, 3, 7
Let w = -22 + 38. Let j = -59 - w. List the prime factors of (-1)/5*j/10*36.
2, 3
Suppose -18*k + 21558 = -366. Suppose 5*z + k - 465 = 2*a, -4*a + 1514 = -2*z. What are the prime factors of a?
379
Let t(k) = k**3 + 12*k**2 - 3*k + 1. Let b(h) = -4*h**2 + 59*h + 9. Let n be b(15). What are the prime factors of t(n)?
5, 47
Suppose 3*j + 2*l = -28, 4 - 3 = l. Let r be -3*((-34)/(-255))/(2/j). Suppose 173 = 4*k + r*a - 101, -2*a + 6 = 0. List the prime factors of k.
67
Suppose -k - 69 = 5*w, -38 = 3*w - 5*k + 9. Let c(z) = z. Let p be c(w). Let d = 7 - p. List the prime factors of d.
3, 7
Let u = -23 - -27. Suppose 0*o = -u*o - o. Suppose 4*k - 199 = 5*p, -3*k + p + o*p + 141 = 0. List the prime factors of k.
2, 23
Suppose 10*b + 30 = 5*b. Let v be 27/b*4/(-6). Suppose 3*g - 5*l = 236 - 62, -2*l + 153 = v*g. List the prime factors of g.
53
Suppose 2*m - 476 = -2*y, -m = 3*m + 5*y - 957. Suppose -3*z + 564 = j, -5*j + 1173 = 5*z + m. What are the prime factors of z?
2, 47
Let b(h) be the third derivative of h**4/24 - 4*h**3/3 - 7*h**2. Let n be b(8). Suppose n = -6*k - 2*k + 456. What are the prime factors of k?
3, 19
Suppose 5*o = -3 - 7. Let t be o/3 + 28/6. List the prime factors of ((-10)/(-5) - -19) + t.
5
Suppose -2*r - 2*b = 13910, -3470 = -3*r - b - 24329. What are the prime factors of -9 + (-44)/(-5) - r/10?
5, 139
Let n(b) = 3*b**3 - 41*b**2 + 284*b + 13. List the prime factors of n(25).
113, 251
Suppose -2*y - 548 = 4*s - 162, -3*s - 385 = 2*y. Let j = 125 + y. Let i = j + 76. List the prime factors of i.
2, 5
Let z be ((-61902)/(-21))/(-3) + 16/28. Let m = 1522 + z. List the prime factors of m.
2, 3, 5
Let y = -151 - -129. What are the prime factors of 40/y - -2 - (-4418)/22?
3, 67
Suppose 51 = q - 2*n, -4*q + q + 168 = -3*n. Let w(o) = -4*o + 6. Let z be w(4). Let m = q + z. What are the prime factors of m?
3, 17
Let u be -1*20/16*-4. Suppose u*q - 45 = -0*q. What are the prime factors of (-1 - -4) + 1 + q?
13
Suppose -3*d - 151 = -c, 16 = 2*d + 10. Suppose -2*h = -5*z - 126, -2 = 4*h - 14. Let v = c + z. List the prime factors of v.
2, 17
Let i(w) = -w**3 - 4*w**2 + 15*w - 3. Suppose -129 = -9*h + 6*h. Suppose 0 = 4*s + 71 - h. List the prime factors of i(s).
3, 13
Let k(n) = n**3 + 7*n**2 + 2. Let a be k(-7). Suppose -52 = -a*d + 202. Suppose 0*g - d = -g. What are the prime factors of g?
127
Suppose -17*w + 14070 = 3819. Suppose v - 1197 = -2*r, -w = -r - 0*r + 4*v. What are the prime factors of r?
599
Let x(z) = -z**3 + 18*z**2 + 19*z + 3. Let q be x(7). Suppose -q = -t - 0*t + 2*i, 1355 = 2*t - 3*i. List the prime factors of t.
5, 137
Suppose 5*x = -3*q - 15, 3*q - 3*x + 5*x + 6 = 0. Suppose q = 12*r - 13*r + 841. What are the prime factors of r?
29
Suppose 14231 = -42*r - 7273. Let m = -65 - r. List the prime factors of m.
3, 149
Let w = 219947 - 147915. List the prime factors of w.
2, 2251
Let b be ((-12)/30)/((-1)/10). Let o(t) = -3*t**3 - 24*t**2 + t + 10. Let z be o(-8). List the prime factors of (b/(-3) + z)*1005/10.
67
Suppose b - 4*p - 4091 = 0, 5*b - p = b + 16289. Suppose -1119 = -15*g + b. List the prime factors of g.
2, 173
Let y(i) = -18*i + 2. Let v(h) = 2*h. Let t(q) = -40*v(q) - 5*y(q). Suppose -37 = -2*f - u, 4*f - 5*u = -3*u + 62. List the prime factors of t(f).
2, 5
Suppose -4*k + 2964 + 22780 = 0. Suppose 0 = 9*b - 7*b - 6, -k = -4*p + 4*b. List the prime factors of p.
2, 13, 31
Let h(n) = 88*n**2 + 16*n**2 - 105 + 105 - n. List the prime factors of h(-1).
3, 5, 7
Suppose -278*b - 9336 = -286*b. What are the prime factors of b?
3, 389
Let y be (-1 + 3)*10/4. Suppose -67 = y*w - 327. What are the prime factors of (w + 2)*15/10?
3
Let j(q) = q**2 - 7*q - 23. Let n be j(13). Let k = 57 - n. Suppose -2*f + h + 61 = 0, f - 2*h = -k*f + 90. List the prime factors of f.
2
Suppose -93*a + 1953089 = 589853 - 2122869. List the prime factors of a.
3, 5, 7, 17
Let v(m) = -66 + 15 + 30*m - 90. What are the prime factors of v(19)?
3, 11, 13
Suppose 5*f - 17 = 13. Suppose -f*g + 4*g = -4*k - 2036, 5129 = 5*g + 3*k. What are the prime factors of g?
2
Let z(g) = g + 70. Let r = -42 - -42. Let s be z(r). Suppose w = -4*w - 2*c + 396, 5*c - s = -w. List the prime factors of w.
2, 5
List the prime factors of (-29)/((-203)/84) + 6576.
2, 3, 61
What are the prime factors of -4 + 0 - (15/3 + -5155)?
2, 31, 83
Suppose 224*c - 456750 = 189*c. What are the prime factors of c?
2, 3, 5, 29
Let q = 55620 - 32633. List the prime factors of q.
127, 181
Suppose 0 = 4*o - p - 51, -2*o + 8 = -0*o - 4*p. Suppose 16*w - o*w = 198. What are the prime factors of w?
3, 11
Suppose -4*x - x + 101156 = 6*x. List the prime factors of x.
2, 11, 19
Suppose 5 + 11 = 8*h. Let u be -216 - (6/h - 0). List the prime factors of ((-2)/(-6) + -1)/(1/u).
2, 73
Suppose -775 = -3*l + 5*q, 1040 = 4*l + q - 6*q. Let y = -109 + l. Let f = -66 + y. What are the prime factors of f?
2, 3, 5
Let l be 15/(-20)*9*-1888. Suppose -l + 2780 = -47*f. List the prime factors of f.
2, 53
Suppose -4*d + 21 = -5*v, -3*d + 43 = 3*v + 7. List the prime factors of (-10 + d)/(-1 + 2)*-352.
2, 11
Let r(a) = 44*a - 2. Let z be r(8). Suppose 0 = 3*x + w - z, -98 = -6*x + 5*x - 5*w. What are the prime factors of x?
2, 59
Suppose 17*x + 68*x - 3659406 = 18*x. What are the prime factors of x?
2, 3, 9103
List the prime factors of ((-445372)/(-141))/(4/6) - -6.
2, 593
What are the prime factors of (((-4847)/2)/(-37))/(2/508) + 0?
127, 131
Let b = -35 - -39. Let c(g) = -3*g**3 + 2*g**3 - b - 4*g - 4*g - 7*g**2 + g. List the prime factors of c(-6).
2
Let n(z) = -16 - 19 - 321*z + 15 + 32*z. What are the prime factors of n(-2)?
2, 3, 31
Suppose 4*o = -7*o + 3399. Let z = o - 113. What are the prime factors of z?
2, 7
Let y = -12 - -1. Let r = y - -16. Suppose -r*m + 263 = 2*q - 0*m, 3*q - 404 = 2*m. List the prime factors of q.
2, 67
Suppose 0*j = 15*j - 17265. Suppose 12*z = j + 2341. List the prime factors of z.
3, 97
Let f be 814/30 + 2/(-15). Suppose 0 = 4*x + f + 1. Let m(i) = 2*i**2 + 3*i + 1. What are the prime factors of m(x)?
2, 3, 13
Let z(i) = 4*i - 13 + 0*i - 4*i + 7*i**2 - 8*i + 25. Let j be 3 + (0 - (-1 + -1)). List the prime factors of z(j).
3, 7
Suppose 4*y = -4*x - 48 + 84, -y - 47 = -3*x. Let i(f) = -1. Let n(s) = -s**2 + 12*s + 55. Let l(a) = -6*i(a) + n(a). What are the prime factors of l(x)?
3, 11
Suppose 0 = -5*r - l + 59182, 28*l = -3*r + 23*l + 35518. What are the prime factors of r?
2, 11, 269
Suppose -858 = -3*n - 171. Suppose -2930 = -9*j + n. What are the prime factors of j?
3, 13
Let z(l) = -50*l + 5. Let k(f) = 17*f - 2. Let b(y) = -10*k(y) - 3*z(y). Let p = 0 - 4. What are the prime factors of b(p)?
5, 17
What are the prime factors of (26 + 2266/(-88))/((-2)/576272*-2)?
36017
Let z(t) = 4*t**2 + 14*t + 15. Let p be z(-1). Suppose 5*r - 17*l = -15*l + 2193, p*l + 20 = 0. List the prime factors of r.
19, 23
Let p = 854 + -160. Let n = p - 410. What are the prime factors of n?
2, 71
Suppose 10*b + 39096 = 133586. List the prime factors of b.
11, 859
Let y be 1/((-1)/(-30)*-1). Suppose -34*n - 74 - 640 = 0. List the prime factors of 220/y*n/2.
7, 11
Suppose 2*t = 3*k + 39454 + 4147, 0 = -5*k - 35. What are the prime factors of t?
2, 5, 2179
Let l(i) = -i**2 - 3*i + 29. Suppose 0 = -v - 5*v + 24. Let d be l(v). What are the prime factors of d/(-3)*(-309)/1?
103
Let i(b) = -19*b**3 - 31*b**2 - 12*b - 19. List the prime factors of i(-5).
3, 547
Let r = 255 - 251. What are the prime factors of -1 + (-2 + r - -686)?
3, 229
Suppose 18 = -21*b + 24*b. Suppose -4*l + 3*g + 38 = 0, -2*l + 4*g + 8 = -b. Suppose -3*t + 5*f + 22 = 3*f, t - l = -3*f. What are the prime factors of t?
2
Suppose -3*s - 58 = 2*m, 47 + 9 = -2*m - 2*s. Let v be 28